ase 13) in base 3?
-11021
1a (base 14) to base 15
19
What is 12546 (base 7) in base 4?
310212
2683 (base 9) to base 15
8e9
Convert -26b1 (base 16) to base 9.
-14525
Convert -202321 (base 5) to base 15.
-1e41
-586 (base 15) to base 2
-10011100011
What is 102102001 (base 3) in base 14?
3061
-125775 (base 8) to base 3
-2020101201
What is 48213 (base 10) in base 14?
137db
-108b (base 15) to base 6
-24122
Convert -110120 (base 4) to base 7.
-3542
-2323 (base 5) to base 7
-662
Convert -11420 (base 5) to base 13.
-512
What is 221001001 (base 3) in base 15?
561d
What is -2755 (base 10) in base 7?
-11014
Convert -10011011001 (base 2) to base 8.
-2331
Convert -120752 (base 9) to base 3.
-10200211202
-21111011 (base 3) to base 10
-5458
Convert 25036 (base 7) to base 15.
1e14
3128 (base 9) to base 11
17a6
Convert 716 (base 10) to base 13.
431
What is 633 (base 15) in base 16?
576
-10110 (base 3) to base 11
-85
-1689a (base 11) to base 14
-88d2
-198 (base 12) to base 6
-1112
2653 (base 7) to base 6
4414
Convert -200210 (base 3) to base 4.
-13323
Convert -386 (base 9) to base 14.
-18d
1665 (base 10) to base 3
2021200
Convert 1522 (base 7) to base 12.
424
-20024 (base 8) to base 3
-102021011
What is -10001001001001 (base 2) in base 4?
-2021021
c0a (base 14) to base 13
10c9
What is 1111 (base 7) in base 9?
484
What is 33b4 (base 13) in base 8?
16115
Convert 399 (base 13) to base 8.
1171
What is 1101112000 (base 3) in base 7?
142512
What is 125042 (base 6) in base 10?
11474
What is -1a14 (base 13) in base 16?
-f40
What is 244 (base 5) in base 15?
4e
Convert -1133101 (base 5) to base 8.
-51042
What is -111a7 (base 11) in base 3?
-211020101
Convert -163 (base 7) to base 2.
-1011110
What is -110010 (base 3) in base 9?
-403
What is -82861 (base 9) in base 10?
-54649
Convert 456 (base 15) to base 10.
981
What is 2242 (base 10) in base 9?
3061
What is a43b (base 12) in base 3?
220120002
Convert 4a1c (base 16) to base 9.
28020
Convert -1122 (base 12) to base 5.
-30043
Convert 300032 (base 4) to base 13.
1535
Convert -3652 (base 13) to base 14.
-2b20
Convert 233a0 (base 13) to base 6.
1213530
What is 100101101 (base 2) in base 13?
1a2
What is -14237 (base 8) in base 5?
-200203
What is 131 (base 4) in base 12?
25
101101001 (base 2) to base 15
191
Convert -1010111001011001 (base 2) to base 14.
-123a1
Convert 9028 (base 14) to base 9.
36830
What is 1345 (base 8) in base 5?
10431
What is 12111012 (base 3) in base 2?
111110100001
What is 49874 (base 10) in base 8?
141322
-111010 (base 3) to base 6
-1350
Convert -22112112 (base 3) to base 15.
-1c9e
What is 203 (base 15) in base 10?
453
-339 (base 16) to base 10
-825
Convert -33039 (base 11) to base 4.
-23231112
Convert -1222120 (base 3) to base 9.
-1876
What is -331133 (base 4) in base 5?
-111220
Convert 4146 (base 8) to base 3.
2221122
What is 14c1c (base 13) in base 6?
502230
Convert -2420 (base 6) to base 11.
-495
Convert -14130 (base 5) to base 4.
-102031
What is -254 (base 11) in base 8?
-455
-120000 (base 3) to base 5
-3110
What is -20420 (base 5) in base 12?
-954
Convert -1435 (base 6) to base 12.
-27b
Convert 1442 (base 7) to base 16.
239
What is -304160 (base 7) in base 9?
-78148
Convert -516 (base 11) to base 13.
-38b
-28578 (base 10) to base 5
-1403303
-21332 (base 4) to base 6
-2542
Convert 20d5 (base 15) to base 6.
52102
Convert 122121122 (base 3) to base 13.
5acb
Convert 2211211 (base 3) to base 13.
c37
What is -2706 (base 8) in base 7?
-4211
Convert 2577 (base 13) to base 12.
3109
What is -12434 (base 5) in base 3?
-1100211
Convert 15184 (base 10) to base 15.
4774
-554 (base 7) to base 8
-434
4031 (base 8) to base 2
100000011001
What is -100111100 (base 2) in base 9?
-381
Convert -ea83 (base 15) to base 3.
-2112001220
Convert 4115 (base 8) to base 14.
abb
What is -b8d (base 15) in base 12?
-1614
-11000020011 (base 3) to base 2
-10011010000110010
What is 13d6 (base 15) in base 10?
4251
Convert 5710 (base 12) to base 10.
9660
-1004043 (base 5) to base 11
-11150
-1321 (base 6) to base 14
-1a1
Convert -675 (base 15) to base 12.
-a18
-383 (base 10) to base 11
-319
2508 (base 13) to base 4
1101333
What is -130a (base 12) in base 13?
-cac
2859 (base 13) to base 7
22653
-53 (base 8) to base 16
-2b
41 (base 9) to base 10
37
-40432 (base 5) to base 12
-1621
What is 11111311 (base 4) in base 6?
245141
What is 1265 (base 7) in base 16?
1e8
What is 1361 (base 11) in base 9?
2366
124c (base 16) to base 2
1001001001100
What is 13a5 (base 12) in base 15?
a25
What is 697 (base 13) in base 12?
7aa
-b906 (base 13) to base 10
-25694
-425504 (base 6) to base 5
-2104320
Convert 1664 (base 16) to base 13.
27bc
23213122 (base 4) to base 9
72234
2eca (base 15) to base 7
41263
c25 (base 15) to base 7
10655
Convert -2022010 (base 5) to base 13.
-11ba8
What is -568 (base 14) in base 16?
-430
171 (base 13) to base 14
149
33211 (base 7) to base 10
8338
4e9 (base 16) to base 14
65b
What is 10011100111 (base 2) in base 14?
659
Convert -444 (base 12) to base 5.
-10003
Convert -23222 (base 5) to base 12.
-b87
15d (base 16) to base 7
1006
What is -341352 (base 7) in base 5?
-3414202
Convert 7f26 (base 16) to base 14.
bc10
-651 (base 12) to base 11
-771
Convert 11250 (base 6) to base 16.
64e
What is -54a6 (base 14) in base 11?
-10009
What is -8bae (base 16) in base 12?
-1883a
Convert -754a (base 14) to base 6.
-233434
What is 43202 (base 7) in base 6?
121405
Convert 111211201 (base 3) to base 5.
310330
What is -3e73 (base 15) in base 2?
-11010001000111
Convert -25e (base 16) to base 4.
-21132
What is -474 (base 14) in base 8?
-1566
Convert 1552 (base 6) to base 5.
3203
What is -826 (base 9) in base 11?
-561
Convert 2241 (base 13) to base 15.
1640
What is -110000110100 (base 2) in base 5?
-44444
Convert -15778 (base 12) to base 11.
-20996
Convert -120 (base 4) to base 9.
-26
What is 1b5 (base 14) in base 3?
111011
20021200 (base 4) to base 3
1200210011
-10401 (base 5) to base 4
-23112
Convert 12311 (base 4) to base 12.
305
3813 (base 10) to base 15
11e3
What is 100000110000101 (base 2) in base 15?
4e83
-12715 (base 9) to base 6
-103452
What is -d51 (base 14) in base 16?
-a3b
Convert -51d (base 14) to base 11.
-836
Convert 23873 (base 10) to base 9.
35665
2003 (base 4) to base 11
10a
23132 (base 4) to base 7
2066
-2037 (base 13) to base 7
-15642
What is -1001110000 (base 2) in base 3?
-212010
What is -2a1 (base 11) in base 14?
-1b3
Convert -21123333 (base 4) to base 2.
-1001011011111111
What is 21 (base 10) in base 16?
15
What is -415 (base 7) in base 11?
-17a
Convert -23303 (base 4) to base 15.
-355
What is 340a (base 15) in base 8?
25433
What is -4104 (base 15) in base 7?
-55012
Convert 4208 (base 11) to base 10.
5574
Convert 544 (base 12) to base 10.
772
3100 (base 7) to base 15
4bd
12426 (base 8) to base 6
40554
What is 243 (base 11) in base 4?
10201
What is 46247 (base 8) in base 7?
111132
113b2 (base 14) to base 16
a3b0
What is c9e (base 15) in base 6?
21105
6a71 (base 12) to base 3
121022111
What is -35e (base 16) in base 12?
-5ba
43355 (base 7) to base 11
8147
Convert -1a31 (base 11) to base 14.
-d1d
-14 (base 7) to base 8
-13
231234 (base 5) to base 4
2001333
Convert 606 (base 7) to base 6.
1220
-834 (base 14) to base 5
-22424
What is 935 (base 16) in base 11?
1853
What is -3311 (base 5) in base 2?
-111001000
-171 (base 12) to base 8
-345
-94a2 (base 13) to base 15
-6171
-29a5 (base 11) to base 14
-15a2
What is -ab90 (base 13) in base 6?
-302510
What is 1 (base 10) in base 15?
1
12414 (base 5) to base 6
4320
11020 (base 5) to base 14
3c4
Convert -460 (base 11) to base 9.
-671
-1100100100 (base 2) to base 6
-3420
Convert -20444 (base 6) to base 7.
-11026
What is -104012 (base 5) in base 9?
-4875
-a94 (base 13) to base 7
-5165
What is -4a80 (base 12) in base 7?
-33426
443a (base 12) to base 16
1d6e
What is -1123212 (base 4) in base 6?
-43050
What is 450 (base 15) in base 7?
2562
Convert -357 (base 10) to base 13.
-216
107153 (base 8) to base 13
13797
-1100001000101 (base 2) to base 5
-144323
112 (base 15) to base 10
242
Convert -140142 (base 5) to base 11.
-4297
Convert -621 (base 8) to base 11.
-335
What is -2a6 (base 11) in base 9?
-437
What is -44334 (base 5) in base 4?
-300112
What is -1086 (base 11) in base 15?
-650
22002 (base 7